308868056?
8
What is the thousands digit of 324166359?
6
What is the hundred thousands digit of 4166366?
1
What is the units digit of 432196085?
5
What is the millions digit of 35816213?
5
What is the hundred thousands digit of 77869206?
8
What is the hundreds digit of 56369387?
3
What is the hundreds digit of 106395992?
9
What is the hundred millions digit of 470938105?
4
What is the thousands digit of 10313890?
3
What is the units digit of 32944300?
0
What is the hundreds digit of 221919328?
3
What is the hundred millions digit of 114301739?
1
What is the ten thousands digit of 1442778794?
7
What is the hundreds digit of 92484230?
2
What is the billions digit of 6504932027?
6
What is the hundred millions digit of 326310863?
3
What is the tens digit of 350378365?
6
What is the thousands digit of 3969958315?
8
What is the thousands digit of 62700998?
0
What is the hundred thousands digit of 331006298?
0
What is the tens digit of 73265643?
4
What is the ten millions digit of 650602604?
5
What is the ten thousands digit of 3052860?
5
What is the units digit of 335790786?
6
What is the hundred millions digit of 135606563?
1
What is the hundreds digit of 37385225?
2
What is the ten millions digit of 5922803693?
2
What is the units digit of 167574378?
8
What is the hundreds digit of 3670242011?
0
What is the units digit of 7110001532?
2
What is the hundred thousands digit of 120397805?
3
What is the ten thousands digit of 358039402?
3
What is the hundreds digit of 59876286?
2
What is the hundred millions digit of 195032609?
1
What is the ten millions digit of 23086849?
2
What is the ten thousands digit of 50717796?
1
What is the hundred thousands digit of 216769631?
7
What is the tens digit of 4268015362?
6
What is the ten millions digit of 69716638?
6
What is the tens digit of 7224012949?
4
What is the thousands digit of 2424980280?
0
What is the hundred thousands digit of 248791434?
7
What is the millions digit of 620985937?
0
What is the hundred thousands digit of 2256219723?
2
What is the hundred millions digit of 190933765?
1
What is the hundreds digit of 1343938827?
8
What is the units digit of 54298887?
7
What is the thousands digit of 497504083?
4
What is the hundred thousands digit of 278385413?
3
What is the billions digit of 2337011163?
2
What is the millions digit of 15102245?
5
What is the units digit of 4006419008?
8
What is the hundreds digit of 31942419?
4
What is the ten millions digit of 657597586?
5
What is the tens digit of 6276764036?
3
What is the tens digit of 477519586?
8
What is the ten thousands digit of 3576444655?
4
What is the units digit of 4697583?
3
What is the tens digit of 1749390045?
4
What is the millions digit of 213150388?
3
What is the ten millions digit of 35074050?
3
What is the tens digit of 389141735?
3
What is the ten millions digit of 171699507?
7
What is the thousands digit of 1174711572?
1
What is the hundred thousands digit of 344784635?
7
What is the hundreds digit of 136088431?
4
What is the hundreds digit of 553623398?
3
What is the tens digit of 63408270?
7
What is the ten millions digit of 365963306?
6
What is the billions digit of 1636375692?
1
What is the ten thousands digit of 18999746?
9
What is the ten millions digit of 90962900?
9
What is the hundred thousands digit of 1022287792?
2
What is the tens digit of 34157044?
4
What is the millions digit of 2405893211?
5
What is the billions digit of 3539461607?
3
What is the thousands digit of 1168499287?
9
What is the units digit of 688510387?
7
What is the hundred millions digit of 1337290911?
3
What is the millions digit of 2657675001?
7
What is the ten millions digit of 1059905169?
5
What is the ten thousands digit of 244466110?
6
What is the tens digit of 5857691884?
8
What is the hundred thousands digit of 74852770?
8
What is the thousands digit of 44406430?
6
What is the units digit of 1096891504?
4
What is the hundred millions digit of 2876434799?
8
What is the ten millions digit of 3141144909?
4
What is the ten thousands digit of 4126366543?
6
What is the tens digit of 21575456?
5
What is the billions digit of 1394471611?
1
What is the hundreds digit of 69019886?
8
What is the hundreds digit of 503952151?
1
What is the units digit of 126618619?
9
What is the hundreds digit of 107380256?
2
What is the ten thousands digit of 80331963?
3
What is the hundreds digit of 3875075220?
2
What is the hundred thousands digit of 94753424?
7
What is the units digit of 229729210?
0
What is the ten thousands digit of 98877461?
7
What is the thousands digit of 129418072?
8
What is the ten millions digit of 68867192?
6
What is the hundred millions digit of 262930902?
2
What is the millions digit of 24240175?
4
What is the ten thousands digit of 451342184?
4
What is the hundred thousands digit of 2486517570?
5
What is the hundreds digit of 67495349?
3
What is the thousands digit of 1983641982?
1
What is the thousands digit of 19088927?
8
What is the millions digit of 178465970?
8
What is the billions digit of 6273995446?
6
What is the thousands digit of 12049291?
9
What is the ten millions digit of 207788882?
0
What is the units digit of 2240150085?
5
What is the hundred millions digit of 158113882?
1
What is the tens digit of 170302462?
6
What is the units digit of 3818810872?
2
What is the tens digit of 2476051676?
7
What is the tens digit of 2939333757?
5
What is the units digit of 2387454777?
7
What is the ten millions digit of 3141186527?
4
What is the hundreds digit of 65583120?
1
What is the hundred millions digit of 1407390226?
4
What is the hundred thousands digit of 695492920?
4
What is the hundred millions digit of 250894406?
2
What is the units digit of 234504792?
2
What is the hundred thousands digit of 52735644?
7
What is the ten thousands digit of 92006774?
0
What is the ten thousands digit of 5262014108?
1
What is the hundred thousands digit of 440515406?
5
What is the tens digit of 199917945?
4
What is the millions digit of 43463394?
3
What is the tens digit of 62724126?
2
What is the units digit of 2032665766?
6
What is the hundred millions digit of 200228414?
2
What is the units digit of 88802321?
1
What is the millions digit of 79146385?
9
What is the hundreds digit of 25595900?
9
What is the hundreds digit of 105052138?
1
What is the hundred millions digit of 173847076?
1
What is the thousands digit of 931588250?
8
What is the hundreds digit of 225731069?
0
What is the millions digit of 595660301?
5
What is the hundred thousands digit of 24414433?
4
What is the hundreds digit of 106985203?
2
What is the hundreds digit of 2542751156?
1
What is the thousands digit of 1710618967?
8
What is the hundred millions digit of 541368359?
5
What is the thousands digit of 38972904?
2
What is the hundreds digit of 1465773480?
4
What is the units digit of 90231297?
7
What is the thousands digit of 4963261081?
1
What is the hundred millions digit of 227192461?
2
What is the ten millions digit of 449179104?
4
What is the tens digit of 13471552?
5
What is the hundreds digit of 1098763793?
7
What is the tens digit of 13824958?
5
What is the hundreds digit of 6084326960?
9
What is the hundred thousands digit of 5219890857?
8
What is the ten thousands digit of 67607752?
0
What is the tens digit of 39781458?
5
What is the ten millions digit of 531295331?
3
What is the thousands digit of 325810059?
0
What is the millions digit of 72596136?
2
What is the tens digit of 4628956?
5
What is the thousands digit of 598894929?
4
What is the millions digit of 172465947?
2
What is the tens digit of 175411317?
1
What is the hundreds digit of 600716393?
3
What is the hundred thousands digit of 184560067?
5
What is the hundreds digit of 1092826616?
6
What is the hundred thousands digit of 30500160?
5
What is the tens digit of 120403903?
0
What is the hundred millions digit of 361880037?
3
What is the hundred millions digit of 289647448?
2
What is the thousands digit of 33592496?
2
What is the hundreds digit of 389840607?
6
What is the tens digit of 39627246?
4
What is the thousands digit of 2641697983?
7
What is the hundreds digit of 1457521822?
8
What is the ten thousands digit of 66927623?
2
What is the ten millions digit of 3332110742?
3
What is the ten millions d